me factors of g(o).
3, 29
Let i(x) = 34*x - 114. Let n be i(10). Let r = 481 - n. What are the prime factors of r?
3, 5, 17
What are the prime factors of (-10)/(-40) + (0 - 132588/(-16))?
8287
Let p(y) = y**3 - 20*y**2 + 17*y + 43. Let b be p(19). Suppose -w = -4*w + u + 119, 3*u = b*w - 205. Suppose -4*h + w = -3*h. What are the prime factors of h?
2, 19
Let o(p) = 604*p**2 + 3*p - 3. Let a be o(1). Suppose 7*i - 5892 = a. What are the prime factors of i?
2, 29
Suppose 87*q = -25*q - 14*q + 2627352. What are the prime factors of q?
2, 13, 401
Let h(v) = -v**3 - 5*v**2 - 331*v - 85. What are the prime factors of h(-22)?
5, 617
Suppose -2*u + 4*p + 13660 = 0, -27296 = -42*u + 38*u + 2*p. List the prime factors of u.
2, 3, 379
Let s be (-15)/(-2)*(-6)/(-9). Suppose -s*q + 425 = -10*q. What are the prime factors of 4/(-2 - 175/q)?
2, 17
Let q be 0 + 0 + 11 + 1 + 5. Suppose 9*t - q*t = 13704. List the prime factors of t/(-12) + -2 - 1/(-4).
3, 47
Let i = -186 + 188. Suppose 3*g + 3*b = 246, 0*b + i*b = -g + 78. What are the prime factors of g?
2, 43
Suppose -558*f + 605*f - 2034536 = 0. List the prime factors of f.
2, 7, 773
Let o(c) = -c**2 - 5*c + 113. Let z be o(-12). Suppose -z*m = -2740 - 1726. What are the prime factors of m?
2, 7, 11
Let h be ((-3)/((-2)/2))/((-15)/(-540)). Suppose 4*o + h - 28 = 0. Let r = 164 - o. List the prime factors of r.
2, 23
What are the prime factors of 21/((1/4)/(((-15)/20)/(-1)))?
3, 7
Let n be 14/3 + (-6)/9 + 3. Let d = 252 + n. List the prime factors of d.
7, 37
Suppose -3*o + 7*l - 9*l = 37, -5*o = -4*l + 69. Let y(g) = -g**3 - 10*g**2 + 30*g - 1. What are the prime factors of y(o)?
2, 29
Let y be (-135)/(-10)*2/(-9)*-51. List the prime factors of (-4)/3 + 74868/y.
2, 61
Let v(z) = -z**2 + 8*z**2 + 5 - 4 - 2*z. Suppose -j + 8*i - 10 = 0, -21*j + 5 = -23*j + i. What are the prime factors of v(j)?
3, 11
Suppose -c - 4*z = -18782, -4*c + 3947 + 71147 = -z. List the prime factors of c.
2, 3, 7, 149
Let x = 4203 - 2377. List the prime factors of x.
2, 11, 83
Let h be (-1 - (-14347)/2)*96/15. List the prime factors of 62/(-775) - h/(-50).
2, 3, 17
Let c(v) = -v**2 - 30*v - 10. Let b be c(-20). Let g = b + 56. List the prime factors of g.
2, 3, 41
Let f = 50 + 10. Let i = -137 - -84. Let t = f + i. What are the prime factors of t?
7
Suppose -c + 1 = v, 3*c - 2*v = 6 + 12. What are the prime factors of ((-28)/(-21))/(c/3147)?
1049
Let a = -14188 + 20519. List the prime factors of a.
13, 487
Let f = -108 + 213. Suppose -2*c = 5*p - 111, -5*p + 5*c = -10*p + f. Suppose -208 = -24*h + p*h. What are the prime factors of h?
2, 13
Let k(g) = -12450*g - 130. List the prime factors of k(-1).
2, 5, 7, 11
Let w = -89173 + 165472. List the prime factors of w.
3, 29, 877
Let i = 184 - -31. Let c = i + 705. What are the prime factors of c?
2, 5, 23
Let r = -28188 - -46427. What are the prime factors of r?
13, 23, 61
Let d = -8606 - -12730. List the prime factors of d.
2, 1031
List the prime factors of (2715/20)/((-6)/(-744)).
3, 31, 181
Suppose 48317*z - 48311*z - 520434 = 0. What are the prime factors of z?
3, 29, 997
Let h = 79 - 135. Let q be (720/(-56))/((-6)/h). List the prime factors of q/((45/6)/(-5)).
2, 5
Suppose j - 4*b - 60867 = 0, 331 = b + 323. What are the prime factors of j?
60899
Suppose -18*l + 217 = 13*l. What are the prime factors of 8 - l - -95 - -1?
97
Suppose -3*l - 190 = -58. Let q = l - -49. Suppose -295 - 40 = -q*m. What are the prime factors of m?
67
Let z(t) = -55*t - 1328. Let g be z(-26). Let q = 60 + -181. Let i = g - q. What are the prime factors of i?
223
Suppose -3*o + 10 + 10 = -5*f, 0 = -4*o + f + 21. Suppose 2*j - 2*n = 438, 0*j - o*n = 2*j - 452. Let c = -109 + j. What are the prime factors of c?
2, 7
Let k = 6242 - 3327. What are the prime factors of k?
5, 11, 53
Let f = -101 - -71. Let s = -79 + f. Let q = -8 - s. List the prime factors of q.
101
List the prime factors of 3/(45/50)*2956914/305.
2, 3, 2693
Let i(l) be the first derivative of -2*l**3/3 + l**2/2 - 4*l + 16. Let f be i(2). Let h(q) = -10*q + 7. What are the prime factors of h(f)?
107
Let w be 0 + 6 + (-1 - 4). What are the prime factors of 0 + 2 + 2048/(w + 7)?
2, 3, 43
Let a = 4910 + -3453. Let c = a - 569. What are the prime factors of c?
2, 3, 37
Let r(n) = -n**3 - 16*n**2 - 13*n + 26. Let o be r(-15). Let t = o - -6. Suppose -204 = -4*f - 4*d + 9*d, t*d = 8. What are the prime factors of f?
2, 7
Let p(c) = c**2 + 19*c + 22. Let m be p(-20). Suppose -m = 5*q + 383. What are the prime factors of (q + 0)*((-198)/30 + 6)?
3, 17
Suppose -15 + 3 = -4*d. Suppose 0 = 3*k - 5*k + 4*a + 6, -d*k - 3*a + 9 = 0. What are the prime factors of 188/k + (3/3)/3?
3, 7
Let i = 15 - 8. Suppose i*j - 4*j = 165. Suppose j = 4*u - 53. What are the prime factors of u?
3
Suppose -18*m = -20*m + 72. Suppose p - 123 = m. Suppose -4*d + 82 = -4*g + 390, d + p = 2*g. What are the prime factors of g?
2, 41
Let l(v) = -2*v**3 + 78*v**2 + v - 11. Let s be l(39). List the prime factors of 861 + s/(-35)*-5.
5, 173
Suppose -9*y - 2*d + 14578 = -6*y, 3*d - 6 = 0. Suppose y = 14*q - 1890. What are the prime factors of q?
2, 241
Suppose 0 = 286*o - 287*o + i + 10708, -2*o = 4*i - 21416. List the prime factors of o.
2, 2677
What are the prime factors of (93/(-18))/(-31) - (-1 + 74674/(-12))?
2, 389
Let s = 7813 + 5951. List the prime factors of s.
2, 3, 31, 37
Suppose 3*w + 6*y - 237630 = 0, 0 = 6*w - 11*w + 2*y + 396014. List the prime factors of w.
2, 19801
Let f = 3682 - 1746. What are the prime factors of f?
2, 11
Suppose -2*w + 594 = -318. Suppose c + 4*f - 7*f = 226, -w = -2*c + 4*f. List the prime factors of c.
2, 29
Suppose 188 + 34 = 3*t. Let w = t + -134. What are the prime factors of 3/2*w/(-9)?
2, 5
What are the prime factors of 43770/(-9)*(-216)/144?
5, 1459
Let z(h) = -h**2 - 22*h - 92. Let n be z(-26). Let w = 444 + n. List the prime factors of w.
2, 31
Suppose 3*s - 10 = 5*i + 8*s, 3*i - 5*s + 6 = 0. Let o(g) = -158*g - 17. List the prime factors of o(i).
13, 23
What are the prime factors of (-133752)/(-18)*(-42 - -48)?
2, 5573
Suppose 0*z - 4*a - 9 = -z, 3*z = -2*a - 15. Let w be 1/z*(-126 + -9). Suppose -2*y + 4*f + w = -87, 0 = 5*y + f - 319. List the prime factors of y.
2
Suppose -2597*v + 2693*v - 4246368 = 0. List the prime factors of v.
7, 71, 89
Suppose -5*l = -2*f - 281851, -5*l + 281853 = 3*f - 4*f. List the prime factors of l.
7, 8053
Let p(f) = -17651*f + 3189. List the prime factors of p(-5).
2, 22861
Let k = 9 + -6. Let x(u) = 5*u - u + 2*u + 12 + u**k + 10*u**2. List the prime factors of x(-8).
2, 23
Let q(i) = -i**2 + 2*i + 1. Let o(d) = 181*d**3 - 5*d**2 + 9*d - 1. Let m(c) = o(c) - 2*q(c). List the prime factors of m(1).
2, 3, 5
Suppose 5262*m - 5249*m - 111371 = 0. List the prime factors of m.
13, 659
Let x(u) = 5*u - 3. Let c(o) = 2*o - 23. Let r be c(11). Let y be x(r). Let a = y + 18. List the prime factors of a.
2, 5
Let k be (5 - -4 - 0) + -4. Suppose -50 - 76 = -p - 2*f, -p - k*f + 141 = 0. Let i = p + -8. What are the prime factors of i?
2, 3
Let n be ((-5)/6)/((-4)/24). Suppose 4*c + 16 = 0, -5*c + n - 37 = -2*f. List the prime factors of ((-20)/f)/((-1)/33).
2, 5, 11
Let i(z) = -192*z + 2518. List the prime factors of i(7).
2, 587
Let o(g) = -g**3 - 4*g**2 + 11*g + 4. Let b be o(2). What are the prime factors of (124/(-8))/((-1 + b)/(-20))?
2, 5, 31
Suppose 31*z - 1285311 = -38460. List the prime factors of z.
3, 41, 109
Let c(o) = -6*o - 49. Let h be c(-14). List the prime factors of (-15)/h + 1980/14.
3, 47
Suppose 0 = -2*d + 6 + 2. Let c = d - -2. What are the prime factors of (c/(-6))/((-1)/14)?
2, 7
Let b(i) = 12*i + 62. Let m be b(-14). Let v = m - -110. What are the prime factors of -1 + v*1/(8/142)?
2, 5, 7
Let l(c) = c**2 - 90*c + 61131. List the prime factors of l(0).
3, 7, 41, 71
Let q(v) = 3*v - 12. Let f be q(4). Suppose 33*o - 35*o - 14 = f. Let y(g) = -2*g - 9. What are the prime factors of y(o)?
5
Let x(d) = 2*d**2 - 133*d - 820. Let l be x(-6). Let t be (-4)/(-18) + (-1155)/(-27). Let h = l - t. What are the prime factors of h?
7
Suppose 17651 = 3*s + 7600 - 22835. What are the prime factors of s?
2, 3, 7, 29
Let b be (-27669)/(-45) - ((-438)/(-90) - 5). Let j = b + 176. List the prime factors of j